NOAA-Style Climate Reports
Select a Year or Month report
2024: Jan Feb Mar Apr May Jun Jul Aug Sep Oct Nov Dec
2023: Jan Feb Mar Apr May Jun Jul Aug Sep Oct Nov Dec
2022: Jan Feb Mar Apr May Jun Jul Aug Sep Oct Nov Dec
2021: Jan Feb Mar Apr May Jun Jul Aug Sep Oct Nov Dec
2020: Jan Feb Mar Apr May Jun Jul Aug Sep Oct Nov Dec
2019: Jan Feb Mar Apr May Jun Jul Aug Sep Oct Nov Dec
2018: Jan Feb Mar Apr May Jun Jul Aug Sep Oct Nov Dec
2017: Jan Feb Mar Apr May Jun Jul Aug Sep Oct Nov Dec
2016: Jan Feb Mar Apr May Jun Jul Aug Sep Oct Nov Dec
2015: Jan Feb Mar Apr May Jun Jul Aug Sep Oct Nov Dec
2014: Jan Feb Mar Apr May Jun Jul Aug Sep Oct Nov Dec
2013: Jan Feb Mar Apr May Jun Jul Aug Sep Oct Nov Dec
2012: Jan Feb Mar Apr May Jun Jul Aug Sep Oct Nov Dec
2011: Jan Feb Mar Apr May Jun Jul Aug Sep Oct Nov Dec
2024: Jan Feb Mar Apr May Jun Jul Aug Sep Oct Nov Dec
2023: Jan Feb Mar Apr May Jun Jul Aug Sep Oct Nov Dec
2022: Jan Feb Mar Apr May Jun Jul Aug Sep Oct Nov Dec
2021: Jan Feb Mar Apr May Jun Jul Aug Sep Oct Nov Dec
2020: Jan Feb Mar Apr May Jun Jul Aug Sep Oct Nov Dec
2019: Jan Feb Mar Apr May Jun Jul Aug Sep Oct Nov Dec
2018: Jan Feb Mar Apr May Jun Jul Aug Sep Oct Nov Dec
2017: Jan Feb Mar Apr May Jun Jul Aug Sep Oct Nov Dec
2016: Jan Feb Mar Apr May Jun Jul Aug Sep Oct Nov Dec
2015: Jan Feb Mar Apr May Jun Jul Aug Sep Oct Nov Dec
2014: Jan Feb Mar Apr May Jun Jul Aug Sep Oct Nov Dec
2013: Jan Feb Mar Apr May Jun Jul Aug Sep Oct Nov Dec
2012: Jan Feb Mar Apr May Jun Jul Aug Sep Oct Nov Dec
2011: Jan Feb Mar Apr May Jun Jul Aug Sep Oct Nov Dec
Report for 2023 December
Monthly Climatological Summary for Dec 2023 Name: StaffordWX City: Stafford State: Staffordshire Elevation: 88 m Lat: N 52° 47' 32" Lon: W 002° 07' 13" Temperature (°C), Rain (mm), Wind Speed (km/h) Heat Cool Avg Mean Deg Deg Wind Dom Day Temp High Time Low Time Days Days Rain Speed High Time Dir ---------------------------------------------------------------------------------- 01 -3.3 0.6 13:36 -6.3 07:53 21.6 0.0 0.0 0.1 5.0 10:52 NNW 02 -2.1 -0.6 13:34 -3.8 05:54 20.4 0.0 0.0 1.2 13.0 17:40 SE 03 0.5 2.0 13:08 -0.8 00:00 17.8 0.0 5.0 0.4 11.0 22:30 ESE 04 3.1 4.0 13:18 1.2 00:00 15.1 0.0 25.0 1.9 18.0 09:37 E 05 3.0 6.1 13:19 -1.9 23:47 15.3 0.0 5.3 0.5 15.0 13:40 NNW 06 -0.5 2.9 22:49 -3.7 06:38 18.8 0.0 0.5 1.3 24.0 20:52 ESE 07 5.7 7.0 11:45 2.6 00:00 12.6 0.0 9.4 7.2 35.0 11:14 ESE 08 6.1 8.0 14:45 3.8 04:02 12.2 0.0 0.1 3.4 26.0 15:14 SE 09 8.2 10.8 11:45 5.0 00:30 10.1 0.0 15.1 6.9 37.0 11:54 W 10 7.3 9.9 23:21 5.1 04:53 11.0 0.0 3.0 4.1 42.0 11:59 SSE 11 6.8 10.4 13:05 2.0 20:05 11.5 0.0 0.0 1.9 28.0 00:28 WNW 12 7.1 9.7 12:51 3.8 21:27 11.2 0.0 9.7 1.0 11.0 01:36 ESE 13 4.3 6.8 11:02 -1.7 23:54 14.0 0.0 0.0 2.7 31.0 06:39 NNW 14 4.1 8.4 13:45 -1.8 00:37 14.2 0.0 0.4 1.2 15.0 07:19 SSE 15 6.3 8.4 23:45 3.9 05:38 12.0 0.0 0.0 1.5 15.0 14:12 SSE 16 8.1 11.3 13:26 5.4 08:27 10.2 0.0 0.0 1.6 20.0 14:09 SE 17 9.3 10.6 12:54 7.6 07:23 9.0 0.0 0.0 3.7 28.0 12:48 SE 18 11.2 12.7 14:10 10.1 03:31 7.1 0.0 3.5 3.2 24.0 12:45 SE 19 7.6 11.3 00:00 3.6 23:59 10.7 0.0 12.9 1.7 30.0 10:22 WNW 20 8.1 10.1 22:56 3.4 00:14 10.1 0.0 0.1 3.1 20.0 14:38 WNW 21 10.6 12.3 06:49 8.5 21:42 7.7 0.0 0.4 7.5 39.0 06:51 WNW 22 9.9 10.8 12:51 8.5 02:02 8.4 0.0 1.6 5.9 33.0 05:12 WNW 23 9.8 11.7 13:55 8.7 00:51 8.5 0.0 5.7 4.3 33.0 23:57 NW 24 12.3 14.0 13:10 9.4 23:40 6.2 0.0 0.8 7.1 37.0 13:15 NW 25 9.2 10.7 11:11 6.0 23:42 9.0 0.0 0.1 2.8 26.0 08:15 NW 26 5.4 7.2 13:20 3.5 17:56 12.9 0.0 0.5 1.7 18.0 23:35 WNW 27 8.1 11.6 11:58 4.8 01:29 10.2 0.0 6.2 7.1 50.0 12:46 SE 28 7.9 9.1 02:38 6.7 09:10 10.4 0.0 2.3 5.5 37.0 02:04 WNW 29 5.2 7.6 12:31 2.0 23:14 13.1 0.0 0.9 2.6 30.0 02:56 NW 30 6.5 11.2 17:20 2.3 01:44 11.8 0.0 4.8 4.6 40.0 17:00 ESE 31 5.8 7.1 14:29 4.1 07:16 12.5 0.0 4.2 3.5 28.0 11:41 SE ---------------------------------------------------------------------------------- 6.2 14.0 24 -6.3 1 375.6 0.0 117.5 3.3 50.0 27 WSW Max >= 27.0 0 Max <= 0.0 1 Min <= 0.0 7 Min <= -18.0 0 Max Rain: 25.0 on day 4 Days of Rain: 21 (>= 0.2 mm) 14 (>= 2.0 mm) 1 (>= 20.0 mm) Heat Base: 18.3 Cool Base: 18.3 Method: Integration