NOAA-Style Climate Reports

Select a Year or Month report
2021: Jan Feb Mar Apr May Jun Jul Aug Sep Oct Nov Dec
2020: Jan Feb Mar Apr May Jun Jul Aug Sep Oct Nov Dec
2019: Jan Feb Mar Apr May Jun Jul Aug Sep Oct Nov Dec
2018: Jan Feb Mar Apr May Jun Jul Aug Sep Oct Nov Dec
2017: Jan Feb Mar Apr May Jun Jul Aug Sep Oct Nov Dec
2016: Jan Feb Mar Apr May Jun Jul Aug Sep Oct Nov Dec
2015: Jan Feb Mar Apr May Jun Jul Aug Sep Oct Nov Dec
2014: Jan Feb Mar Apr May Jun Jul Aug Sep Oct Nov Dec
2013: Jan Feb Mar Apr May Jun Jul Aug Sep Oct Nov Dec
2012: Jan Feb Mar Apr May Jun Jul Aug Sep Oct Nov Dec
2011: Jan Feb Mar Apr May Jun Jul Aug Sep Oct Nov Dec

Report for 2021 January
                   Monthly Climatological Summary for Jan 2021

Name: StaffordWX   City: Stafford   State: StaffordshIre
Elevation: 289 ft  Lat: N 52° 47' 30"   Lon: E 002° 07' 14"

                  Temperature (°C), Rain (mm), Wind Speed (mph)

                                      Heat  Cool        Avg
    Mean                              Deg   Deg         Wind                 Dom
Day Temp  High   Time   Low    Time   Days  Days  Rain  Speed High   Time    Dir
----------------------------------------------------------------------------------
01   1.2   3.2   13:22  -0.3   23:43  17.1   0.0   0.9   1.2   8.3   12:07   WNW
02  -0.5   1.8   12:46  -3.8   07:37  18.8   0.0   0.3   0.4   5.4   14:30   WNW
03   1.5   4.0   14:33  -0.2   03:49  16.8   0.0   1.8   0.9   9.2   16:15    NW
04   2.4   4.9   12:51   0.1   05:14  15.9   0.0   1.8   1.4  11.4   18:43    NW
05   1.9   4.6   13:26  -0.9   22:46  16.4   0.0   0.0   1.5  11.4   14:51    NW
06  -0.2   3.3   13:46  -3.6   23:22  18.5   0.0   0.3   0.7   6.9   00:06    NW
07  -1.6   0.4   14:10  -3.4   00:00  19.9   0.0   0.0   0.4   4.5   12:01    SE
08   1.1   2.1   13:52  -0.4   00:59  17.2   0.0   3.0   0.4   6.0   09:47   NNW
09   0.3   2.8   13:07  -2.5   23:51  18.0   0.0   0.3   0.3   6.9   14:46     W
10   1.7   4.6   14:03  -2.6   00:19  16.6   0.0   0.3   0.5   6.0   10:38   WNW
11   6.6   8.9   23:59   3.7   00:00  11.7   0.0   0.0   2.2  15.2   13:44   WNW
----------------------------------------------------------------------------------
     1.3   8.9    11    -3.8     2   186.9   0.0   8.7   0.9  15.2    11      NW

Max >=  27.0  0
Max <=   0.0  0
Min <=   0.0  9
Min <= -18.0  0
Max Rain: 3.0 on day 8
Days of Rain: 8 (>= 0.2 mm)  1 (>= 2.0 mm)  0 (>= 20.0 mm)
Heat Base: 18.3  Cool Base: 18.3  Method: Integration