NOAA-Style Climate Reports


Report for 2024 April
                   Monthly Climatological Summary for Apr 2024

Name: StaffordWX   City: Stafford   State: Staffordshire
Elevation: 88 m  Lat: N 52° 47' 32"   Lon: W 002° 07' 13"

                  Temperature (°C), Rain (mm), Wind Speed (km/h)

                                      Heat  Cool        Avg
    Mean                              Deg   Deg         Wind                 Dom
Day Temp  High   Time   Low    Time   Days  Days  Rain  Speed High   Time    Dir
----------------------------------------------------------------------------------
01   9.1  15.1   14:25   5.6   23:59   9.2   0.0   1.0   0.7  18.0   16:52    SE
02   8.8  16.2   15:20   3.8   02:08   9.5   0.0   1.7   1.8  20.0   17:28    SE
03  10.2  13.6   13:03   7.0   22:08   8.1   0.0   0.0   3.6  26.0   15:21   SSE
04  10.2  14.8   13:32   6.9   03:58   8.1   0.0   0.0   1.6  22.0   18:56    SE
05  13.6  18.2   15:17  10.8   05:33   4.7   0.0   0.0   6.5  37.0   14:43    SE
06  14.4  18.7   12:28   8.7   23:59   3.9   0.0   0.0   8.2  44.0   15:22    SE
07  10.9  16.2   12:35   7.1   03:56   7.4   0.0   0.0   6.8  53.0   12:37    SE
08  12.0  15.8   14:16   9.5   23:33   5.7   0.0   0.0   4.0  22.0   09:17   ESE
09   7.9  11.3   15:19   4.2   22:57  10.4   0.0   0.0   3.5  37.0   08:55   WNW
10   8.5  12.6   18:45   3.3   00:34   9.8   0.0   0.0   4.4  33.0   17:23    SE
11  15.2  21.9   14:07  11.2   03:14   3.5   0.4   0.0   2.6  28.0   21:24    SE
12  13.5  18.6   15:54   9.0   05:57   4.8   0.0   0.0   3.5  26.0   13:11    SE
----------------------------------------------------------------------------------
    11.2  21.9    11     3.3    10    85.1   0.4   2.7   3.9  53.0     7      SE

Max >=  27.0  0
Max <=   0.0  0
Min <=   0.0  0
Min <= -18.0  0
Max Rain: 1.7 on day 2
Days of Rain: 2 (>= 0.2 mm)  0 (>= 2.0 mm)  0 (>= 20.0 mm)
Heat Base: 18.3  Cool Base: 18.3  Method: Integration