NOAA-Style Climate Reports
Select a Year or Month report
2024: Jan Feb Mar Apr May Jun Jul Aug Sep Oct Nov Dec
2023: Jan Feb Mar Apr May Jun Jul Aug Sep Oct Nov Dec
2022: Jan Feb Mar Apr May Jun Jul Aug Sep Oct Nov Dec
2021: Jan Feb Mar Apr May Jun Jul Aug Sep Oct Nov Dec
2020: Jan Feb Mar Apr May Jun Jul Aug Sep Oct Nov Dec
2019: Jan Feb Mar Apr May Jun Jul Aug Sep Oct Nov Dec
2018: Jan Feb Mar Apr May Jun Jul Aug Sep Oct Nov Dec
2017: Jan Feb Mar Apr May Jun Jul Aug Sep Oct Nov Dec
2016: Jan Feb Mar Apr May Jun Jul Aug Sep Oct Nov Dec
2015: Jan Feb Mar Apr May Jun Jul Aug Sep Oct Nov Dec
2014: Jan Feb Mar Apr May Jun Jul Aug Sep Oct Nov Dec
2013: Jan Feb Mar Apr May Jun Jul Aug Sep Oct Nov Dec
2012: Jan Feb Mar Apr May Jun Jul Aug Sep Oct Nov Dec
2011: Jan Feb Mar Apr May Jun Jul Aug Sep Oct Nov Dec
2024: Jan Feb Mar Apr May Jun Jul Aug Sep Oct Nov Dec
2023: Jan Feb Mar Apr May Jun Jul Aug Sep Oct Nov Dec
2022: Jan Feb Mar Apr May Jun Jul Aug Sep Oct Nov Dec
2021: Jan Feb Mar Apr May Jun Jul Aug Sep Oct Nov Dec
2020: Jan Feb Mar Apr May Jun Jul Aug Sep Oct Nov Dec
2019: Jan Feb Mar Apr May Jun Jul Aug Sep Oct Nov Dec
2018: Jan Feb Mar Apr May Jun Jul Aug Sep Oct Nov Dec
2017: Jan Feb Mar Apr May Jun Jul Aug Sep Oct Nov Dec
2016: Jan Feb Mar Apr May Jun Jul Aug Sep Oct Nov Dec
2015: Jan Feb Mar Apr May Jun Jul Aug Sep Oct Nov Dec
2014: Jan Feb Mar Apr May Jun Jul Aug Sep Oct Nov Dec
2013: Jan Feb Mar Apr May Jun Jul Aug Sep Oct Nov Dec
2012: Jan Feb Mar Apr May Jun Jul Aug Sep Oct Nov Dec
2011: Jan Feb Mar Apr May Jun Jul Aug Sep Oct Nov Dec
Report for 2021 April
Monthly Climatological Summary for Apr 2021 Name: StaffordWX City: Stafford State: StaffordshIre Elevation: 289 ft Lat: N 52° 47' 30" Lon: E 002° 07' 14" Temperature (°C), Rain (mm), Wind Speed (mph) Heat Cool Avg Mean Deg Deg Wind Dom Day Temp High Time Low Time Days Days Rain Speed High Time Dir ---------------------------------------------------------------------------------- 01 8.0 12.5 00:00 5.8 23:31 10.3 0.0 0.0 3.6 20.6 05:18 ENE 02 7.1 12.3 14:47 2.4 02:36 11.2 0.0 0.0 1.6 13.0 15:03 ENE 03 7.0 12.0 12:24 2.2 23:47 11.3 0.0 0.0 1.4 12.1 12:34 NE 04 7.6 16.2 16:02 -1.6 05:30 10.7 0.0 0.0 1.6 11.4 16:12 WNW 05 5.3 8.8 00:02 1.4 23:20 13.0 0.0 0.0 3.6 19.7 11:50 WNW 06 2.1 8.3 10:06 -2.2 23:58 16.2 0.0 0.0 2.0 19.7 15:40 NW 07 3.4 7.8 15:17 -2.3 00:03 14.9 0.0 0.0 1.5 13.0 13:54 WNW 08 7.7 13.4 13:18 2.5 01:35 10.6 0.0 0.0 2.5 17.4 13:13 WNW 09 7.0 10.2 09:26 0.0 11:18 11.2 0.0 0.0 1.5 12.1 01:05 W 10 2.4 9.5 11:47 -2.1 05:04 15.9 0.0 0.0 1.1 13.0 16:20 NNW 11 4.2 10.0 09:56 -0.5 23:04 14.1 0.0 0.0 1.2 13.6 17:26 NW 12 5.0 12.2 10:13 -0.6 01:02 13.3 0.0 0.0 0.9 10.7 17:31 WNW 13 7.0 15.5 10:19 -2.5 06:27 11.3 0.0 0.0 0.7 9.2 12:30 NW 14 7.5 14.6 14:10 1.4 07:11 10.8 0.0 0.0 1.0 10.7 12:40 E 15 6.0 13.6 09:57 -2.1 06:01 12.3 0.0 0.0 1.0 11.4 15:12 E 16 6.2 14.4 10:20 -1.6 05:24 12.1 0.0 0.0 0.9 9.8 13:38 E 17 7.6 16.6 10:02 -1.8 05:36 10.7 0.0 0.0 0.8 12.1 14:14 E 18 8.8 16.7 16:04 0.1 06:05 9.5 0.0 0.0 0.7 7.6 15:46 ENE 19 10.3 19.4 10:12 0.6 06:08 8.0 0.0 0.0 1.0 8.3 14:03 E 20 12.0 19.2 14:47 4.1 03:04 6.4 0.0 0.0 0.9 9.8 19:26 N 21 10.0 14.8 14:34 4.2 23:56 8.3 0.0 0.0 2.3 14.5 11:29 E 22 8.3 16.2 15:09 -1.4 05:53 10.0 0.0 0.0 1.4 10.7 12:07 E 23 10.8 18.8 15:30 0.7 05:23 7.5 0.0 0.0 1.8 13.0 16:31 E 24 10.7 17.6 15:47 1.4 05:55 7.6 0.0 0.0 1.7 12.1 12:25 E 25 9.3 15.6 16:02 4.2 06:22 9.0 0.0 0.0 2.1 15.2 13:47 E 26 8.5 15.6 15:32 0.0 05:30 9.8 0.0 0.0 1.1 9.8 09:53 E 27 10.0 15.0 15:38 6.8 05:22 8.3 0.0 4.0 0.8 6.9 16:06 NNW 28 8.0 12.7 16:35 2.6 23:58 10.3 0.0 0.8 2.0 13.6 11:07 ENE 29 6.6 12.7 14:38 1.4 01:57 11.7 0.0 0.0 1.0 12.1 16:06 NNW 30 7.5 15.2 09:17 3.3 05:29 10.8 0.0 0.0 0.8 11.4 14:27 NNW ---------------------------------------------------------------------------------- 7.4 19.4 19 -2.5 13 327.1 0.0 4.8 1.5 20.6 1 NNE Max >= 27.0 0 Max <= 0.0 0 Min <= 0.0 13 Min <= -18.0 0 Max Rain: 4.0 on day 27 Days of Rain: 2 (>= 0.2 mm) 1 (>= 2.0 mm) 0 (>= 20.0 mm) Heat Base: 18.3 Cool Base: 18.3 Method: Integration