NOAA-Style Climate Reports
Select a Year or Month report
2024: Jan Feb Mar Apr May Jun Jul Aug Sep Oct Nov Dec
2023: Jan Feb Mar Apr May Jun Jul Aug Sep Oct Nov Dec
2022: Jan Feb Mar Apr May Jun Jul Aug Sep Oct Nov Dec
2021: Jan Feb Mar Apr May Jun Jul Aug Sep Oct Nov Dec
2020: Jan Feb Mar Apr May Jun Jul Aug Sep Oct Nov Dec
2019: Jan Feb Mar Apr May Jun Jul Aug Sep Oct Nov Dec
2018: Jan Feb Mar Apr May Jun Jul Aug Sep Oct Nov Dec
2017: Jan Feb Mar Apr May Jun Jul Aug Sep Oct Nov Dec
2016: Jan Feb Mar Apr May Jun Jul Aug Sep Oct Nov Dec
2015: Jan Feb Mar Apr May Jun Jul Aug Sep Oct Nov Dec
2014: Jan Feb Mar Apr May Jun Jul Aug Sep Oct Nov Dec
2013: Jan Feb Mar Apr May Jun Jul Aug Sep Oct Nov Dec
2012: Jan Feb Mar Apr May Jun Jul Aug Sep Oct Nov Dec
2011: Jan Feb Mar Apr May Jun Jul Aug Sep Oct Nov Dec
2024: Jan Feb Mar Apr May Jun Jul Aug Sep Oct Nov Dec
2023: Jan Feb Mar Apr May Jun Jul Aug Sep Oct Nov Dec
2022: Jan Feb Mar Apr May Jun Jul Aug Sep Oct Nov Dec
2021: Jan Feb Mar Apr May Jun Jul Aug Sep Oct Nov Dec
2020: Jan Feb Mar Apr May Jun Jul Aug Sep Oct Nov Dec
2019: Jan Feb Mar Apr May Jun Jul Aug Sep Oct Nov Dec
2018: Jan Feb Mar Apr May Jun Jul Aug Sep Oct Nov Dec
2017: Jan Feb Mar Apr May Jun Jul Aug Sep Oct Nov Dec
2016: Jan Feb Mar Apr May Jun Jul Aug Sep Oct Nov Dec
2015: Jan Feb Mar Apr May Jun Jul Aug Sep Oct Nov Dec
2014: Jan Feb Mar Apr May Jun Jul Aug Sep Oct Nov Dec
2013: Jan Feb Mar Apr May Jun Jul Aug Sep Oct Nov Dec
2012: Jan Feb Mar Apr May Jun Jul Aug Sep Oct Nov Dec
2011: Jan Feb Mar Apr May Jun Jul Aug Sep Oct Nov Dec
Report for 2018 March
Monthly Climatological Summary for Mar 2018 Name: StaffordWX City: Stafford State: StaffordshIRE Elevation: 0 ft Lat: S 00° 00' 00" Lon: W 000° 00' 00" Temperature (°C), Rain (mm), Wind Speed (m/s) Heat Cool Avg Mean Deg Deg Wind Dom Day Temp High Time Low Time Days Days Rain Speed High Time Dir ---------------------------------------------------------------------------------- 1 -3.6 -1.8 23:06 -6.2 01:47 21.9 0.0 0.0 3.0 11.9 23:03 E 2 -0.6 -1.4 23:30 -2.1 04:27 18.7 0.0 0.0 3.5 15.0 05:07 E 3 -0.1 13.5 00:00 -2.0 01:10 18.7 0.0 0.3 2.3 9.5 01:07 E 4 2.1 6.0 16:58 0.1 00:00 16.2 0.0 5.4 0.8 5.1 02:17 E 5 5.4 9.5 13:54 1.6 00:00 12.9 0.0 5.1 0.9 5.4 15:53 SE 6 5.0 7.8 12:15 1.7 22:53 13.5 0.0 1.5 0.3 4.4 11:15 SSE 7 3.9 10.1 13:04 -0.3 07:20 14.4 0.0 0.3 0.4 5.1 13:22 S 8 4.4 8.3 15:32 1.5 00:56 13.9 0.0 3.6 1.0 6.5 09:14 W 9 4.0 8.2 13:29 -1.8 06:00 14.3 0.0 5.1 0.7 5.1 20:05 E 10 9.4 13.2 12:50 4.0 23:40 8.9 0.0 3.6 0.9 7.1 10:30 SE 11 7.2 12.4 14:08 2.1 03:24 11.1 0.0 1.5 1.0 6.8 15:04 E 12 6.5 8.1 12:31 5.0 23:20 11.8 0.0 14.1 0.5 4.4 01:11 NNE 13 5.9 10.6 12:51 0.6 23:29 12.4 0.0 0.0 0.2 49.3 13:25 WNW 14 7.2 12.0 15:05 0.0 01:58 11.1 0.0 0.0 2.3 10.2 20:26 SE 15 8.7 11.9 13:16 6.2 04:53 9.6 0.0 6.6 1.6 7.8 00:20 ESE 16 8.1 13.0 14:56 3.6 23:50 10.3 0.0 3.0 1.4 10.2 23:12 E 17 0.5 3.6 00:00 -2.1 22:22 17.7 0.0 0.6 2.5 11.9 21:22 E 18 0.0 13.5 08:21 -2.2 04:12 19.4 0.0 0.0 2.0 8.2 15:42 ENE 19 2.0 5.4 14:17 -0.6 05:37 16.3 0.0 0.9 1.7 11.2 08:41 ENE 20 3.4 8.8 13:34 -2.1 23:47 14.9 0.0 0.3 0.5 5.1 10:48 NW 21 3.5 9.1 13:57 -4.2 06:13 14.8 0.0 0.0 0.8 5.4 14:49 WNW 22 7.3 10.1 12:11 5.8 06:24 11.0 0.0 0.0 1.0 21.8 16:31 SW 23 8.0 11.6 14:36 5.1 23:58 10.3 0.0 0.9 1.1 9.9 03:14 SSE 24 6.8 11.3 13:04 4.6 06:11 11.5 0.0 0.9 0.4 4.4 13:17 NNW 25 6.5 12.8 14:15 0.9 07:21 11.3 0.0 0.3 0.5 4.4 13:25 WNW 26 6.6 12.5 13:08 0.3 01:37 11.7 0.0 0.0 0.4 4.8 23:50 SSE 27 7.4 10.5 11:33 5.3 04:23 10.8 0.0 5.1 1.2 7.5 01:24 S 28 5.2 8.4 15:45 1.1 23:59 13.1 0.0 0.3 0.4 6.5 15:52 WNW 29 4.4 9.7 11:38 0.9 00:31 13.9 0.0 2.4 1.1 6.5 18:20 ESE 30 5.8 10.0 13:03 3.5 06:42 12.5 0.0 12.0 0.8 6.1 17:17 E 31 4.7 6.9 15:11 3.1 02:28 13.6 0.0 1.5 0.9 5.1 02:23 NW ---------------------------------------------------------------------------------- 4.7 13.5 3 -6.2 1 422.5 0.0 75.3 1.2 49.3 13 E Max >= 27.0: 0 Max <= 0.0: 2 Min <= 0.0: 11 Min <= -18.0: 0 Max Rain: 14.1 on day 12 Days of Rain: 23 (>= 0.2 mm) 11 (>= 2.0 mm) 0 (>= 20.0 mm) Heat Base: 18.3 Cool Base: 18.3 Method: Integration